 -118 = -3*v + 2*d. Suppose 2*t = -0*t + v. Calculate the highest common divisor of 6 and t.
6
Let f(q) = 3*q**3 + 2*q**2 - 3*q. Let b be f(2). Suppose -3*x + b = -x. What is the highest common divisor of x and 52?
13
Let d = 137 + -57. Calculate the greatest common divisor of 10 and d.
10
Suppose -5*i = -6*i - 4. Let b = i - -6. Suppose -3*h - b*h + 4*x + 55 = 0, -4*x = -h + 11. Calculate the highest common divisor of 77 and h.
11
Let z(m) = 2*m**2 + 7*m + 8. Let r(i) = 5*i**2 + 14*i + 16. Let c(o) = 3*r(o) - 7*z(o). Let s be c(9). What is the greatest common divisor of 10 and s?
10
Suppose -4*x = -3*w + 52, w - 18 = 3*x - x. Suppose -4*n = -8 - w. Let k be -2*(-3 + (-345)/n). What is the highest common divisor of 11 and k?
11
Suppose -5*z = -5*x + 3*x - 162, -4*z - 5*x = -123. What is the highest common divisor of z and 48?
16
Let n be 6 - 1*(-1 + 2). Let c(b) = -b**3 + 3*b**2 + 2*b + 1. Let p be c(4). Let o be 4/14 + (-12)/p. Calculate the greatest common divisor of n and o.
1
Let v be 5*(-5)/(-50)*36. Calculate the highest common divisor of v and 54.
18
Let u be 1338/15 - (-4)/5. Calculate the greatest common factor of 10 and u.
10
Let h be (-4)/(-5) + (-427)/(-35). Let b(k) = -11*k**3 + 2*k**2 + 2*k - 1. Let z be b(-2). Calculate the highest common factor of h and z.
13
Suppose 5*o = 10, 2*o = 3*h + 4*o - 46. Let k = h - 6. Calculate the greatest common divisor of k and 2.
2
Let p(u) = 4*u**3 + 2*u**2 - 3*u + 3. Let i be p(3). Let f be 193/15 + 16/i. Calculate the highest common divisor of 26 and f.
13
Let j = -26 - -46. What is the highest common divisor of j and 8?
4
Let t(s) = 43*s - 5. Let h be t(1). Calculate the greatest common factor of 95 and h.
19
Let j(z) = -z**3. Suppose -x + 4*k = -2 - 9, 4*k = -x - 13. Let n be j(x). What is the highest common factor of 2 and n?
1
Suppose 3*p + 30 = 5*p. What is the highest common divisor of p and 5?
5
Let v(j) = 2*j - 1. Let s be v(2). Let m be 2/5 + 714/15. Suppose 0 = 3*n + n - m. Calculate the highest common divisor of s and n.
3
Let u(g) = 6*g - 3. Let p be u(-5). Suppose -2*m - 3*l + 102 = -5*l, 5*m - 247 = 3*l. Let h = p + m. What is the highest common divisor of h and 70?
14
Let i = -101 + 141. Calculate the highest common divisor of 8 and i.
8
Suppose 80 = -0*p + 4*p - 2*j, 3*p = -j + 50. Calculate the greatest common factor of p and 6.
6
Suppose r + 30 = 6*r. Let b be 16/r - (-14)/(-21). What is the highest common factor of 4 and b?
2
Suppose 6 = 4*n - 10. Let h be 2/n*240/10. What is the greatest common factor of 18 and h?
6
Suppose -21 = -4*x + h + 1, x = -2*h + 10. Let z(o) = 13*o**3 - 2*o**2 + 2*o - 1. Let r be z(1). What is the greatest common factor of r and x?
6
Let i = -4 - -12. Calculate the highest common divisor of i and 32.
8
Let b be -2 + 0 + 1 + 0. Let y be 0 + -4*9*b. Let s(d) = 23*d + 1. Let h be s(1). What is the highest common divisor of h and y?
12
Let z(u) = -2*u**3 + u**2 + u + 4. Let q be z(-4). Suppose 0*g = 4*g - q. Suppose l - 11 = 7. What is the highest common factor of l and g?
18
Let l be (-1 + 2)/(1/42). Let c(n) = -n**2 + n - 1. Let z be c(2). Let m be 1/(0 - z/18). What is the greatest common divisor of l and m?
6
Suppose 18 = v + 2*v. Calculate the highest common divisor of v and 15.
3
Let k = 20 - 18. Let h = -17 + 27. What is the greatest common divisor of k and h?
2
Let h = 29 - 27. Calculate the highest common divisor of h and 1.
1
Let d(u) = 22*u - 2. Let b be d(2). What is the highest common factor of b and 28?
14
Let l(j) = -j**2 - 6*j + 2. Let w be l(-4). Suppose 4*u - 24 = 256. Calculate the greatest common factor of w and u.
10
Suppose -8 = -5*y + y. Calculate the greatest common divisor of y and 8.
2
Let q = 111 + -65. Calculate the highest common divisor of 115 and q.
23
Suppose m - 65 = 145. What is the greatest common factor of m and 30?
30
Let m be (-11450)/(-550) - -2*(-2)/(-22). Calculate the greatest common divisor of 14 and m.
7
Suppose 33 = 6*n - 75. Calculate the highest common divisor of 6 and n.
6
Suppose -2*u = 3*j - 0*u - 202, -4*u - 236 = -4*j. What is the highest common divisor of j and 160?
32
Let t(o) = o + 2 - 1 + 3 - 2. Let a be t(7). What is the highest common divisor of a and 27?
9
Let r(s) = 8*s**2 + 2*s - 3. Let i be r(-3). Let a(w) = -w**3 + 3*w**2 + 2*w + 3. Let x be a(3). Calculate the highest common factor of i and x.
9
Suppose 2*t - 15 = 3*k, -9 = 5*t + 4*k + 11. Suppose -r = -0*r, -4*d + 3*r + 92 = t. Suppose 2*s - d = 3. Calculate the greatest common factor of s and 91.
13
Let t(v) = v**2 - 2*v - 14. Let x be t(-4). What is the highest common divisor of x and 10?
10
Suppose 6*b - 10*b + 88 = 0. Calculate the highest common factor of b and 198.
22
Let t be ((-11)/2)/(12/(-24)). What is the greatest common factor of 99 and t?
11
Let y be (22 + -7)/(6/32). What is the greatest common factor of 16 and y?
16
Let d be 0 - 178/(-14) - (-8)/28. Calculate the greatest common factor of 117 and d.
13
Let o(z) = -25*z**2 - 4*z - 2. Let b be o(-2). Let n be b/(-8) - 4/(-16). What is the highest common factor of 84 and n?
12
Let j be (-4 - 0)/(7 + -8). Calculate the greatest common divisor of j and 4.
4
Let n(h) = -2*h**3 + 3*h**2 + h + 4. Let z be n(3). Let i = 30 + z. What is the greatest common factor of 20 and i?
10
Let o = -68 - -72. What is the highest common divisor of 4 and o?
4
Suppose 4*h = v - 17, 4*h = -v - 0*h + 9. Calculate the greatest common factor of 13 and v.
13
Let r(j) = 0 + 64*j + 2 - 24*j. Let v be r(6). Calculate the highest common factor of 22 and v.
22
Let c be 12/48 - 358/(-8). Calculate the greatest common divisor of 3 and c.
3
Suppose 7*c + 100 = 5*x + 2*c, 2*c + 78 = 4*x. What is the highest common divisor of 152 and x?
19
Let p(k) = k**3 + k**2 + 2. Let h be p(0). Suppose -2*i - h*i - 40 = 0. Let o(y) = y**2 + 9*y - 9. Let n be o(i). What is the greatest common factor of n and 9?
1
Let u be (-27)/6*(-64)/12. Let p(d) = 3*d - 5. Let i be p(7). What is the highest common factor of u and i?
8
Let i = 213 + -123. What is the greatest common factor of i and 10?
10
Let a = -1 - -24. Calculate the highest common divisor of a and 207.
23
Let x = 81 + -58. Let q = -12 + x. Let g = -45 - -78. What is the greatest common factor of g and q?
11
Let z = 15 - 9. Calculate the greatest common divisor of z and 2.
2
Let v = -11 + 13. Suppose -14 = -3*u + v*u. Calculate the highest common factor of 98 and u.
14
Let c be (-5)/15*3*-5. Suppose c*r - 80 = r. Calculate the greatest common divisor of r and 20.
20
Suppose 2*l - 3*g = -1 + 13, 26 = 4*l - 5*g. What is the greatest common divisor of l and 54?
9
Suppose 0 = -2*d + 34 - 2. What is the greatest common factor of d and 24?
8
Let j be (35/15)/(5/15). Let y be (14/(-6))/(2/(-18)). What is the highest common divisor of j and y?
7
Let x(k) = 28*k + 1. Let b be x(1). What is the highest common divisor of b and 145?
29
Let o(t) = -t**2 + 8*t - 1. Let a be o(6). What is the greatest common divisor of 99 and a?
11
Let f = -7 + 17. Suppose 0 = -f*d + 3*d + 441. What is the highest common divisor of d and 9?
9
Let q = -1 - -24. Let l = 10 + q. Let a = l + -13. What is the greatest common factor of 50 and a?
10
Suppose 3*d = -0*d + 162. Calculate the greatest common factor of 6 and d.
6
Let h be (-2)/10 - 271/(-5). Suppose -u = -14 - 4. Calculate the greatest common divisor of u and h.
18
Let w = -7 - -10. Suppose -s + 19 + 28 = 0. Let q = s + -14. What is the greatest common factor of q and w?
3
Let i(h) = -4*h**3 - h - 1. Let j be i(-1). What is the greatest common factor of j and 44?
4
Let f(v) = 4*v**2 + 2*v - 2. Let w be f(-2). Let z(q) = 25*q - 2. Let j be z(-2). Let x be j/(-5) + (-6)/15. Calculate the highest common factor of x and w.
10
Let k(q) = -q**2 - 5*q - 6 + 0*q**2 + 0*q. Let a be k(-4). Let o be (-5 + a)/(1/(-3)). What is the greatest common factor of o and 3?
3
Let a(w) = 6 + 6 + 4*w + 2 - 5*w. Let l be a(11). Suppose 0 = -4*h + l*t + 5 + 3, 3*h = -4*t + 6. Calculate the highest common factor of 2 and h.
2
Let a = 42 - 2. Let m = -36 + 56. Calculate the greatest common factor of a and m.
20
Suppose 4*n - 199 = 57. Let d = -28 - -44. What is the greatest common factor of n and d?
16
Let d(o) = 2*o**3 - 4*o**2 + 2. Let x be d(3). Suppose -7*h + x = -